ctor of 38 and h?
38
Let g be -10*156/16 - 1/(-2). Let q = g - -149. Calculate the greatest common factor of q and 13.
13
Let i(c) = -c - 13. Let f be i(-13). Suppose f*a - 5*a + 230 = 0. Let g be 1842/16 - (-14)/(-112). Calculate the highest common divisor of g and a.
23
Let d be (-10)/(120/(-41814)) + 24/(-16). Calculate the highest common divisor of 43 and d.
43
Let k(a) = 6*a**2 + 13*a + 6. Let b be k(-8). Let i = 33 - 7. What is the greatest common factor of i and b?
26
Suppose c = -2 - 1, u = 2*c + 5. Let h be u*2 + 369/9. Suppose 4*j = j + h. What is the greatest common factor of 13 and j?
13
Let b be 2 - 17/(-1)*1. Let l = -217 - -132. Let n = 86 - l. Calculate the highest common divisor of b and n.
19
Let s(m) be the third derivative of -m**4/12 - 2*m**2. Let a be s(-3). Let c be 3/(-4) - 27/(-4). Calculate the highest common divisor of a and c.
6
Suppose -u + 23 = -2*u. Let w = -11 - u. What is the greatest common divisor of 12 and w?
12
Let s = 32 + 11. Let x = s + -15. Let p be (-8)/10 + 852/15. Calculate the highest common factor of x and p.
28
Suppose 6*o - 226 = -4*p + 4*o, 4*o - 12 = 0. Let k = p + -49. What is the greatest common divisor of k and 3?
3
Suppose -2*w + w + 8 = 2*d, 5*d + 2*w - 20 = 0. Let m(b) = -5*b + 135. Let l be m(23). Calculate the highest common factor of d and l.
4
Let d = 76 - 66. Suppose 4*k = 2*k + 160. What is the greatest common divisor of k and d?
10
Let u = -321 + 330. Calculate the greatest common factor of 369 and u.
9
Suppose -255 = -3*s - 48*s. What is the highest common divisor of s and 135?
5
Let p(d) = 2*d + 3. Let u be p(-14). Let l = u - -13. Let y = 22 + l. Calculate the greatest common factor of y and 70.
10
Let o(j) = -3*j**3 - 3*j**2 + 2*j - 1. Let v be o(-2). What is the greatest common divisor of 315 and v?
7
Let k be 40 + -1 - -1 - 0. Let s = 848 - 828. Calculate the highest common divisor of s and k.
20
Let l = 1005 - 543. What is the highest common factor of l and 264?
66
Let v be -62*2*(1 + (-10)/(-8)). Let k = -119 - v. What is the highest common factor of 40 and k?
40
Suppose k - 2*n = 206 + 245, 2*k - 3*n = 904. Calculate the greatest common factor of 130 and k.
65
Let s(d) = -2*d**3 + 7*d**2 - 14*d - 23. Let f be s(-7). What is the highest common divisor of f and 92?
92
Let j be (6 + -420)/(6/(-33)). What is the greatest common divisor of j and 69?
69
Suppose z - 336 = -13*z. Let q(r) = r + 4. Let n be q(-5). Let k = z + n. What is the greatest common divisor of 207 and k?
23
Let h(v) = 252*v + 4. Let s be h(1). Calculate the highest common divisor of s and 4.
4
Suppose 17*s = -8*s - 150. Let u be 1*(1 + -1) - -18. Let w = u + s. Calculate the greatest common factor of w and 12.
12
Let i = -817 - -832. Calculate the greatest common divisor of 235 and i.
5
Let q = 904 + -813. Calculate the greatest common factor of 13 and q.
13
Suppose 4*m - 7 - 9 = 0. Suppose -m*s = -s - 90. Calculate the highest common divisor of s and 60.
30
Let m be 4*(0 + 93/6). Suppose 5*a + 85 = 5*y, -4*y + 2*a - m = -8*y. What is the greatest common factor of y and 80?
16
Let i = 89 - -91. Let h(b) = b**3 - 10*b**2 + 10*b + 11. Let j be h(9). Calculate the greatest common factor of j and i.
20
Suppose -3*c = 3*c - 36. Let a = c - -18. Calculate the highest common divisor of a and 16.
8
Suppose -u = 3*f - 96, 2*u - 10*f + 9*f - 206 = 0. Calculate the highest common factor of 680 and u.
34
Suppose 5*a + 4*x - 405 = 0, -39*a - 4*x - 288 = -43*a. Suppose 0 = k + 2*k - 33. What is the highest common factor of a and k?
11
Let q be (-12)/9*((-306)/(-4))/(-3). Suppose -q*j - 60 = -39*j. What is the greatest common divisor of 3 and j?
3
Let h(f) = 3*f**2 - 5*f + 4. Let u be ((-1)/3)/((-8)/24). Let y be (12/(-28))/(u/(-7)). Let t be h(y). What is the highest common factor of 4 and t?
4
Suppose -4*s + s + 72 = 5*h, -12 = -3*s. Calculate the greatest common factor of h and 876.
12
Let g(q) = -2*q**2 - 27*q - 79. Let l be g(-6). Calculate the highest common divisor of 176 and l.
11
Let o(g) = 29*g**2 - g - 1. Suppose 3*w - 2*l = 3*l - 8, 5*w = -5*l. Let t be o(w). Let z = 47 - t. What is the highest common divisor of 6 and z?
6
Suppose -2 + 20 = -3*r. Let d = 8 + r. Suppose -4*i = 3*s - 692, -i = -d*i + 4*s + 192. Calculate the greatest common divisor of 22 and i.
22
Suppose -2*u + 7*u - 154 = 4*y, -3*y + 117 = 4*u. Calculate the greatest common divisor of 3 and u.
3
Let h(i) = 3*i**2 + i - 38. Let t be h(-5). Calculate the highest common factor of 16 and t.
16
Suppose 4*b = -4*n + 136, 3*b - 3*n - 155 = -41. Suppose b = 2*f + 2*f. Suppose 2*p = 51 - f. What is the highest common divisor of p and 21?
21
Let j(h) = -h**3 + 10*h**2 - 13*h + 63. Let k be j(9). Let o = 109 - 39. Suppose -o - 2 = -4*l. Calculate the greatest common divisor of k and l.
9
Let l(k) = k**3 + 5*k**2 - k - 2. Let x be l(3). Let z be 0 + x - (20 + -16). Calculate the highest common divisor of z and 9.
9
Suppose -410 = 8*b - 49*b. What is the greatest common factor of b and 120?
10
Suppose -8*v + 267 = -7*v. Suppose -4*c - 5*p + 1222 = 0, -2*c + 4*p - v = -891. What is the highest common factor of 28 and c?
28
Let u(x) = 17*x**2 - 2*x - 3. Let q be u(-3). Suppose 7*p + 14*p = 546. What is the greatest common divisor of q and p?
26
Let c be (28 - -10) + 2 + 0. What is the highest common divisor of 1080 and c?
40
Let x = -104 - -113. What is the highest common divisor of 21 and x?
3
Let d(z) = z**2 - z - 6. Suppose 5 = -u - 1. Let b be -4*((-3)/u + -2). Let i be d(b). Calculate the highest common divisor of i and 36.
12
Let d = -66 - -59. Let n(a) = a**3 + 6*a**2 - 9*a + 2. Let z be n(d). Calculate the greatest common factor of z and 48.
16
Let c = -13 + 14. Let k = 3 - c. Let w(x) = 3*x**2 - 2. Let b be w(k). What is the greatest common factor of 10 and b?
10
Let s(n) = n**2 + 15*n + 18. Let l be s(-12). Let k = -14 - l. Calculate the greatest common divisor of k and 8.
4
Let k(r) = r**2 + 2*r + 7. Let i(o) = o**2 + 12*o - 16. Let b be i(-13). Let f be k(b). What is the greatest common factor of f and 40?
10
Let l = -118 + 202. What is the greatest common divisor of 273 and l?
21
Suppose -2 = 4*t + 2. Let h be (t/3)/((-2)/(-30)*-1). Calculate the highest common factor of h and 2.
1
Let z be (1/(-3))/((-39)/88920). What is the highest common factor of 20 and z?
20
Suppose -f = -7 + 5. Let x(d) = 20*d + 2. Let i be x(f). Calculate the greatest common divisor of i and 21.
21
Let s be (-13)/(390/(-6342)) + (-3)/(-5). What is the highest common factor of 53 and s?
53
Let s = -3167 + 4783. What is the greatest common factor of s and 16?
16
Let a = -143 - -161. What is the highest common divisor of a and 81?
9
Suppose -3*d - 2*x = -66 + 18, 16 = d - x. What is the highest common factor of 744 and d?
8
Let q(c) = -4*c**3 - 4*c**2 - 10*c - 3. Let i be q(-2). Let u be ((-1)/3)/((-2)/132). Calculate the highest common divisor of i and u.
11
Let h be (1460/(-195) - 4/(-26))*-3. Calculate the greatest common divisor of 99 and h.
11
Let z be (2944/(-96))/(1/(-3)). What is the greatest common factor of 8 and z?
4
Suppose 0 = 44*c - 1746 - 2346. Calculate the highest common factor of c and 2697.
93
Let p = -1301 + 1350. What is the greatest common factor of p and 28?
7
Suppose -5*i - 4*p + 55 = -110, 4*i = -3*p + 131. Suppose 0 = -i*t + 31*t - 112. What is the highest common factor of 84 and t?
28
Let j(u) be the first derivative of -u**2/2 - 15*u - 13. Let l be j(-17). Suppose 7*i = l*i + 440. Calculate the greatest common factor of i and 8.
8
Suppose 25*x = 32*x - 7252. What is the greatest common divisor of x and 28?
28
Let o be -4 + (-22)/((-2)/20*1). Calculate the greatest common divisor of 270 and o.
54
Suppose d - 17*d = -96. Calculate the greatest common factor of 33 and d.
3
Let n = -190 + 197. What is the highest common factor of n and 7?
7
Let s be (-1)/4 + (-90)/(-40). Let a be 3/s*(-52)/(-3). Let g = 90 + -51. What is the highest common divisor of a and g?
13
Let r = -79 + 78. Let z = 48 + r. What is the highest common factor of 94 and z?
47
Suppose 1193*k - 792 = 1184*k. Calculate the highest common divisor of k and 220.
44
Let f = 630 + -590. Calculate the greatest common divisor of 70 and f.
10
Suppose 5*n = 5*y + 115, -y + 2*n = 4*n + 35. L